 50.
30
Calculate the remainder when 1610 is divided by 24.
2
Calculate the remainder when 37127 is divided by 204.
203
What is the remainder when 11332 is divided by 42?
34
Calculate the remainder when 615 is divided by 59.
25
Calculate the remainder when 511 is divided by 32.
31
What is the remainder when 6313 is divided by 15?
13
What is the remainder when 485 is divided by 149?
38
Calculate the remainder when 45792 is divided by 15.
12
What is the remainder when 101 is divided by 13?
10
Calculate the remainder when 15229 is divided by 224.
221
Calculate the remainder when 501 is divided by 25.
1
What is the remainder when 119 is divided by 8?
7
Calculate the remainder when 133 is divided by 50.
33
Calculate the remainder when 1149 is divided by 23.
22
Calculate the remainder when 447 is divided by 41.
37
What is the remainder when 46 is divided by 29?
17
What is the remainder when 48 is divided by 24?
0
Calculate the remainder when 1866 is divided by 312.
306
Calculate the remainder when 840 is divided by 16.
8
What is the remainder when 2100 is divided by 39?
33
What is the remainder when 6103 is divided by 11?
9
Calculate the remainder when 550 is divided by 107.
15
What is the remainder when 1043 is divided by 514?
15
What is the remainder when 3033 is divided by 1011?
0
Calculate the remainder when 81 is divided by 73.
8
What is the remainder when 57093 is divided by 156?
153
What is the remainder when 1493 is divided by 6?
5
Calculate the remainder when 645 is divided by 19.
18
What is the remainder when 447 is divided by 50?
47
What is the remainder when 1064 is divided by 518?
28
What is the remainder when 192 is divided by 91?
10
What is the remainder when 655 is divided by 260?
135
Calculate the remainder when 261 is divided by 126.
9
Calculate the remainder when 563 is divided by 143.
134
What is the remainder when 408 is divided by 41?
39
Calculate the remainder when 535 is divided by 48.
7
Calculate the remainder when 1147 is divided by 46.
43
What is the remainder when 131 is divided by 35?
26
Calculate the remainder when 539 is divided by 30.
29
What is the remainder when 6214 is divided by 14?
12
What is the remainder when 199 is divided by 170?
29
Calculate the remainder when 710 is divided by 131.
55
Calculate the remainder when 1370 is divided by 18.
2
What is the remainder when 177 is divided by 28?
9
Calculate the remainder when 143 is divided by 36.
35
What is the remainder when 4926 is divided by 28?
26
Calculate the remainder when 2423 is divided by 38.
29
Calculate the remainder when 284 is divided by 72.
68
What is the remainder when 406 is divided by 32?
22
What is the remainder when 1071 is divided by 43?
39
What is the remainder when 154 is divided by 80?
74
Calculate the remainder when 229 is divided by 77.
75
Calculate the remainder when 66 is divided by 25.
16
What is the remainder when 5709 is divided by 45?
39
What is the remainder when 277 is divided by 85?
22
Calculate the remainder when 101 is divided by 26.
23
What is the remainder when 627 is divided by 149?
31
Calculate the remainder when 96 is divided by 10.
6
Calculate the remainder when 14 is divided by 6.
2
Calculate the remainder when 605 is divided by 19.
16
Calculate the remainder when 490 is divided by 169.
152
Calculate the remainder when 14 is divided by 8.
6
What is the remainder when 3085 is divided by 193?
190
Calculate the remainder when 746 is divided by 183.
14
Calculate the remainder when 427 is divided by 171.
85
Calculate the remainder when 1971 is divided by 104.
99
What is the remainder when 410 is divided by 13?
7
Calculate the remainder when 7119 is divided by 222.
15
Calculate the remainder when 254 is divided by 85.
84
Calculate the remainder when 46 is divided by 3.
1
What is the remainder when 135 is divided by 17?
16
What is the remainder when 54 is divided by 23?
8
What is the remainder when 182 is divided by 72?
38
What is the remainder when 372 is divided by 75?
72
What is the remainder when 35 is divided by 21?
14
Calculate the remainder when 178 is divided by 12.
10
Calculate the remainder when 2239 is divided by 16.
15
What is the remainder when 10140 is divided by 22?
20
Calculate the remainder when 1372 is divided by 1364.
8
Calculate the remainder when 372 is divided by 93.
0
Calculate the remainder when 41 is divided by 18.
5
What is the remainder when 160 is divided by 34?
24
What is the remainder when 406 is divided by 3?
1
Calculate the remainder when 2988 is divided by 176.
172
Calculate the remainder when 86 is divided by 38.
10
What is the remainder when 1592 is divided by 14?
10
What is the remainder when 1959 is divided by 109?
106
What is the remainder when 13 is divided by 10?
3
What is the remainder when 74 is divided by 2?
0
Calculate the remainder when 63 is divided by 16.
15
Calculate the remainder when 1025 is divided by 6.
5
Calculate the remainder when 1069 is divided by 16.
13
Calculate the remainder when 270 is divided by 7.
4
What is the remainder when 1733 is divided by 42?
11
What is the remainder when 810 is divided by 55?
40
Calculate the remainder when 113 is divided by 19.
18
What is the remainder when 23 is divided by 21?
2
What is the remainder when 2078 is divided by 20?
18
What is the remainder when 1297 is divided by 63?
37
What is the remainder when 492 is divided by 166?
160
What is the remainder when 123 is divided by 35?
18
What is the remainder when 333 is divided by 5?
3
What is the remainder when 1243 is divided by 29?
25
What is the remainder when 526 is divided by 77?
64
What is the remainder when 34 is divided by 28?
6
What is the remainder when 22 is divided by 12?
10
Calculate the remainder when 155 is divided by 78.
77
What is the remainder when 477 is divided by 120?
117
Calculate the remainder when 230 is divided by 101.
28
Calculate the remainder when 613 is divided by 15.
13
What is the remainder when 411 is divided by 42?
33
What is the remainder when 7580 is divided by 143?
1
What is the remainder when 203 is divided by 2?
1
What is the remainder when 735 is divided by 20?
15
What is the remainder when 1360 is divided by 121?
29
What is the remainder when 11164 is divided by 16?
12
What is the remainder when 248 is divided by 10?
8
Calculate the remainder when 948 is divided by 56.
52
What is the remainder when 713 is divided by 65?
63
What is the remainder when 96 is divided by 20?
16
Calculate the remainder when 253 is divided by 95.
63
What is the remainder when 680 is divided by 42?
8
Calculate the remainder when 671 is divided by 117.
86
Calculate the remainder when 2346 is divided by 81.
78
What is the remainder when 1173 is divided by 42?
39
What is the remainder when 109 is divided by 58?
51
What is the remainder when 34 is divided by 20?
14
What is the remainder when 11945 is divided by 103?
100
Calculate the remainder when 96 is divided by 16.
0
What is the remainder when 136 is divided by 43?
7
What is the remainder when 174 is divided by 22?
20
Calculate the remainder when 137 is divided by 21.
11
What is the remainder when 177 is divided by 174?
3
Calculate the remainder when 411 is divided by 80.
11
What is the remainder when 1631 is divided by 109?
105
What is the remainder when 716 is divided by 120?
116
Calculate the remainder when 1395 is divided by 92.
15
What is the remainder when 1180 is divided by 496?
188
Calculate the remainder when 438 is divided by 28.
18
What is the remainder when 138 is divided by 61?
16
What is the remainder when 426 is divided by 61?
60
Calculate the remainder when 428 is divided by 54.
50
Calculate the remainder when 56 is divided by 3.
2
Calculate the remainder when 46 is divided by 21.
4
Calculate the remainder when 95 is divided by 61.
34
Calculate the remainder when 295 is divided by 99.
97
Calculate the remainder when 402 is divided by 11.
6
Calculate the remainder when 126 is divided by 104.
22
What is the remainder when 8815 is divided by 63?
58
What is the remainder when 18528 is divided by 10?
8
Calculate the remainder when 2795 is divided by 255.
245
Calculate the remainder when 750 is divided by 193.
171
What is the remainder when 3584 is divided by 13?
9
Calculate the remainder when 532 is divided by 